{"id":28,"date":"2023-09-06T18:58:26","date_gmt":"2023-09-06T18:58:26","guid":{"rendered":"https:\/\/beautiful-raman.92-205-63-64.plesk.page\/?page_id=28"},"modified":"2023-09-13T11:21:58","modified_gmt":"2023-09-13T11:21:58","slug":"alles-aus-einer-hand","status":"publish","type":"page","link":"https:\/\/studiosony.at\/index.php\/alles-aus-einer-hand\/","title":{"rendered":"UNSERE KUNDEN"},"content":{"rendered":"\n<h2 class=\"wp-block-heading has-text-align-center has-larger-font-size\" style=\"text-transform:uppercase\"><strong>Alles aus einer Hand<\/strong><\/h2>\n\n\n\n<h4 class=\"wp-block-heading has-text-align-center has-large-font-size\" style=\"font-style:normal;font-weight:300;text-transform:uppercase\">Von der Idee bis zur fertigen Gestaltung<\/h4>\n\n\n\n<p class=\"has-text-align-center has-small-font-size\" style=\"font-style:normal;font-weight:300;text-transform:uppercase\">Vielen Dank f\u00fcr Ihr Interesse an unseren werblichen Dienstleistungen! Wir freuen uns darauf, Ihre Bed\u00fcrfnisse vom Konzept bis zur fertigen Gestaltung in Wort, Bild und Ton zu realisieren. Zeitungen, Flugbl\u00e4tter, Postwurfsendungen und Prospekte geh\u00f6ren zu unseren Spezialgebieten. Mit unserem Fachwissen und Engagement werden wir sicherstellen, dass Ihr Produkt unschlagbar pr\u00e4sentiert wird. Vertrauen Sie auf unsere prompte und professionelle Umsetzung.<\/p>\n\n\n\n<figure class=\"wp-block-gallery has-nested-images columns-5 is-cropped wp-block-gallery-1 is-layout-flex wp-block-gallery-is-layout-flex\">\n<figure class=\"wp-block-image size-large\"><img loading=\"lazy\" decoding=\"async\" width=\"243\" height=\"340\" data-id=\"35\" src=\"https:\/\/studiosony.at\/wp-content\/uploads\/2023\/09\/automagic_u1_2013.gif\" alt=\"\" class=\"wp-image-35\"\/><\/figure>\n\n\n\n<figure class=\"wp-block-image size-large\"><img loading=\"lazy\" decoding=\"async\" width=\"595\" height=\"841\" data-id=\"82\" src=\"https:\/\/studiosony.at\/wp-content\/uploads\/2023\/09\/AutoEbner-Flottenfolder-1.gif\" alt=\"\" class=\"wp-image-82\"\/><\/figure>\n\n\n\n<figure class=\"wp-block-image size-large\"><img loading=\"lazy\" decoding=\"async\" width=\"654\" height=\"901\" data-id=\"83\" src=\"https:\/\/studiosony.at\/wp-content\/uploads\/2023\/09\/Marischka_Flugblatt-2017-Endversion-1.gif\" alt=\"\" class=\"wp-image-83\"\/><\/figure>\n\n\n\n<figure class=\"wp-block-image size-large\"><img loading=\"lazy\" decoding=\"async\" width=\"654\" height=\"901\" data-id=\"77\" src=\"https:\/\/studiosony.at\/wp-content\/uploads\/2023\/09\/Reisner_Familie2-A4-abfallend.gif\" alt=\"\" class=\"wp-image-77\"\/><\/figure>\n\n\n\n<figure class=\"wp-block-image size-large\"><img loading=\"lazy\" decoding=\"async\" width=\"654\" height=\"901\" data-id=\"75\" src=\"https:\/\/studiosony.at\/wp-content\/uploads\/2023\/09\/Reisner_Familie1-A4-abfallend.gif\" alt=\"\" class=\"wp-image-75\"\/><\/figure>\n\n\n\n<figure class=\"wp-block-image size-large\"><img loading=\"lazy\" decoding=\"async\" width=\"654\" height=\"901\" data-id=\"74\" src=\"https:\/\/studiosony.at\/wp-content\/uploads\/2023\/09\/Reisner_Bank-A4-abfallend.gif\" alt=\"\" class=\"wp-image-74\"\/><\/figure>\n\n\n\n<figure class=\"wp-block-image size-large\"><img loading=\"lazy\" decoding=\"async\" width=\"595\" height=\"841\" data-id=\"73\" src=\"https:\/\/studiosony.at\/wp-content\/uploads\/2023\/09\/Getriebeautomatikseite1-1.gif\" alt=\"\" class=\"wp-image-73\"\/><\/figure>\n\n\n\n<figure class=\"wp-block-image size-large\"><img loading=\"lazy\" decoding=\"async\" width=\"738\" height=\"1024\" data-id=\"68\" src=\"https:\/\/studiosony.at\/wp-content\/uploads\/2023\/09\/Plakat-738x1024.gif\" alt=\"\" class=\"wp-image-68\" srcset=\"https:\/\/studiosony.at\/wp-content\/uploads\/2023\/09\/Plakat-738x1024.gif 738w, https:\/\/studiosony.at\/wp-content\/uploads\/2023\/09\/Plakat-216x300.gif 216w, https:\/\/studiosony.at\/wp-content\/uploads\/2023\/09\/Plakat-768x1065.gif 768w\" sizes=\"(max-width: 738px) 100vw, 738px\" \/><\/figure>\n\n\n\n<figure class=\"wp-block-image size-large\"><img loading=\"lazy\" decoding=\"async\" width=\"243\" height=\"340\" data-id=\"63\" src=\"https:\/\/studiosony.at\/wp-content\/uploads\/2023\/09\/titelbild-neu.gif\" alt=\"\" class=\"wp-image-63\"\/><\/figure>\n\n\n\n<figure class=\"wp-block-image size-large\"><img loading=\"lazy\" decoding=\"async\" width=\"240\" height=\"340\" data-id=\"54\" src=\"https:\/\/studiosony.at\/wp-content\/uploads\/2023\/09\/mit.einander_2-2015-1.gif\" alt=\"\" class=\"wp-image-54\"\/><\/figure>\n\n\n\n<figure class=\"wp-block-image size-large\"><img loading=\"lazy\" decoding=\"async\" width=\"240\" height=\"340\" data-id=\"55\" src=\"https:\/\/studiosony.at\/wp-content\/uploads\/2023\/09\/mit.einander_2-2015b.gif\" alt=\"\" class=\"wp-image-55\"\/><\/figure>\n\n\n\n<figure class=\"wp-block-image size-large\"><img loading=\"lazy\" decoding=\"async\" width=\"250\" height=\"340\" data-id=\"56\" src=\"https:\/\/studiosony.at\/wp-content\/uploads\/2023\/09\/moedling-folder.jpg\" alt=\"\" class=\"wp-image-56\" srcset=\"https:\/\/studiosony.at\/wp-content\/uploads\/2023\/09\/moedling-folder.jpg 250w, https:\/\/studiosony.at\/wp-content\/uploads\/2023\/09\/moedling-folder-221x300.jpg 221w\" sizes=\"(max-width: 250px) 100vw, 250px\" \/><\/figure>\n\n\n\n<figure class=\"wp-block-image size-large\"><img loading=\"lazy\" decoding=\"async\" width=\"240\" height=\"340\" data-id=\"67\" src=\"https:\/\/studiosony.at\/wp-content\/uploads\/2023\/09\/vierseiter-celllex-1.gif\" alt=\"\" class=\"wp-image-67\"\/><\/figure>\n\n\n\n<figure class=\"wp-block-image size-large\"><img loading=\"lazy\" decoding=\"async\" width=\"240\" height=\"340\" data-id=\"65\" src=\"https:\/\/studiosony.at\/wp-content\/uploads\/2023\/09\/titelseite-hla.gif\" alt=\"\" class=\"wp-image-65\"\/><\/figure>\n\n\n\n<figure class=\"wp-block-image size-large\"><img loading=\"lazy\" decoding=\"async\" width=\"240\" height=\"340\" data-id=\"60\" src=\"https:\/\/studiosony.at\/wp-content\/uploads\/2023\/09\/plakat-evocell.gif\" alt=\"\" class=\"wp-image-60\"\/><\/figure>\n\n\n\n<figure class=\"wp-block-image size-large\"><img loading=\"lazy\" decoding=\"async\" width=\"240\" height=\"340\" data-id=\"59\" src=\"https:\/\/studiosony.at\/wp-content\/uploads\/2023\/09\/realbrokers_gemeindezeitungen.gif\" alt=\"\" class=\"wp-image-59\"\/><\/figure>\n\n\n\n<figure class=\"wp-block-image size-large\"><img loading=\"lazy\" decoding=\"async\" width=\"240\" height=\"340\" data-id=\"57\" src=\"https:\/\/studiosony.at\/wp-content\/uploads\/2023\/09\/multisound_ofs2014-1.gif\" alt=\"\" class=\"wp-image-57\"\/><\/figure>\n\n\n\n<figure class=\"wp-block-image size-large\"><img loading=\"lazy\" decoding=\"async\" width=\"240\" height=\"340\" data-id=\"47\" src=\"https:\/\/studiosony.at\/wp-content\/uploads\/2023\/09\/frontbugel_und-radkappen-neu-1.gif\" alt=\"\" class=\"wp-image-47\"\/><\/figure>\n\n\n\n<figure class=\"wp-block-image size-large\"><img loading=\"lazy\" decoding=\"async\" width=\"243\" height=\"340\" data-id=\"46\" src=\"https:\/\/studiosony.at\/wp-content\/uploads\/2023\/09\/einladung-lechner-1.gif\" alt=\"\" class=\"wp-image-46\"\/><\/figure>\n\n\n\n<figure class=\"wp-block-image size-large\"><img loading=\"lazy\" decoding=\"async\" width=\"272\" height=\"340\" data-id=\"44\" src=\"https:\/\/studiosony.at\/wp-content\/uploads\/2023\/09\/anzeige-4c2007-1.gif\" alt=\"\" class=\"wp-image-44\"\/><\/figure>\n<\/figure>\n","protected":false},"excerpt":{"rendered":"<p>Alles aus einer Hand Von der Idee bis zur fertigen Gestaltung Vielen Dank f\u00fcr Ihr Interesse an unseren werblichen Dienstleistungen! Wir freuen uns darauf, Ihre Bed\u00fcrfnisse vom Konzept bis zur fertigen Gestaltung in Wort, Bild und Ton zu realisieren. Zeitungen, Flugbl\u00e4tter, Postwurfsendungen und Prospekte geh\u00f6ren zu unseren Spezialgebieten. Mit unserem Fachwissen und Engagement werden wir&#8230;<\/p>\n","protected":false},"author":1,"featured_media":0,"parent":0,"menu_order":0,"comment_status":"closed","ping_status":"closed","template":"","meta":{"_kad_post_transparent":"","_kad_post_title":"","_kad_post_layout":"","_kad_post_sidebar_id":"","_kad_post_content_style":"","_kad_post_vertical_padding":"","_kad_post_feature":"","_kad_post_feature_position":"","_kad_post_header":false,"_kad_post_footer":false,"footnotes":""},"yoast_head":"<!-- This site is optimized with the Yoast SEO plugin v23.5 - https:\/\/yoast.com\/wordpress\/plugins\/seo\/ -->\n<title>UNSERE KUNDEN - Studiosony<\/title>\n<meta name=\"robots\" content=\"index, follow, max-snippet:-1, max-image-preview:large, max-video-preview:-1\" \/>\n<link rel=\"canonical\" href=\"https:\/\/studiosony.at\/index.php\/alles-aus-einer-hand\/\" \/>\n<meta property=\"og:locale\" content=\"de_DE\" \/>\n<meta property=\"og:type\" content=\"article\" \/>\n<meta property=\"og:title\" content=\"UNSERE KUNDEN - Studiosony\" \/>\n<meta property=\"og:description\" content=\"Alles aus einer Hand Von der Idee bis zur fertigen Gestaltung Vielen Dank f\u00fcr Ihr Interesse an unseren werblichen Dienstleistungen! Wir freuen uns darauf, Ihre Bed\u00fcrfnisse vom Konzept bis zur fertigen Gestaltung in Wort, Bild und Ton zu realisieren. Zeitungen, Flugbl\u00e4tter, Postwurfsendungen und Prospekte geh\u00f6ren zu unseren Spezialgebieten. Mit unserem Fachwissen und Engagement werden wir...\" \/>\n<meta property=\"og:url\" content=\"https:\/\/studiosony.at\/index.php\/alles-aus-einer-hand\/\" \/>\n<meta property=\"og:site_name\" content=\"Studiosony\" \/>\n<meta property=\"article:modified_time\" content=\"2023-09-13T11:21:58+00:00\" \/>\n<meta property=\"og:image\" content=\"https:\/\/studiosony.at\/wp-content\/uploads\/2023\/09\/automagic_u1_2013.gif\" \/>\n<meta name=\"twitter:card\" content=\"summary_large_image\" \/>\n<meta name=\"twitter:label1\" content=\"Gesch\u00e4tzte Lesezeit\" \/>\n\t<meta name=\"twitter:data1\" content=\"5\u00a0Minuten\" \/>\n<script type=\"application\/ld+json\" class=\"yoast-schema-graph\">{\"@context\":\"https:\/\/schema.org\",\"@graph\":[{\"@type\":\"WebPage\",\"@id\":\"https:\/\/studiosony.at\/index.php\/alles-aus-einer-hand\/\",\"url\":\"https:\/\/studiosony.at\/index.php\/alles-aus-einer-hand\/\",\"name\":\"UNSERE KUNDEN - Studiosony\",\"isPartOf\":{\"@id\":\"https:\/\/studiosony.at\/#website\"},\"primaryImageOfPage\":{\"@id\":\"https:\/\/studiosony.at\/index.php\/alles-aus-einer-hand\/#primaryimage\"},\"image\":{\"@id\":\"https:\/\/studiosony.at\/index.php\/alles-aus-einer-hand\/#primaryimage\"},\"thumbnailUrl\":\"https:\/\/studiosony.at\/wp-content\/uploads\/2023\/09\/automagic_u1_2013.gif\",\"datePublished\":\"2023-09-06T18:58:26+00:00\",\"dateModified\":\"2023-09-13T11:21:58+00:00\",\"breadcrumb\":{\"@id\":\"https:\/\/studiosony.at\/index.php\/alles-aus-einer-hand\/#breadcrumb\"},\"inLanguage\":\"de\",\"potentialAction\":[{\"@type\":\"ReadAction\",\"target\":[\"https:\/\/studiosony.at\/index.php\/alles-aus-einer-hand\/\"]}]},{\"@type\":\"ImageObject\",\"inLanguage\":\"de\",\"@id\":\"https:\/\/studiosony.at\/index.php\/alles-aus-einer-hand\/#primaryimage\",\"url\":\"https:\/\/studiosony.at\/wp-content\/uploads\/2023\/09\/automagic_u1_2013.gif\",\"contentUrl\":\"https:\/\/studiosony.at\/wp-content\/uploads\/2023\/09\/automagic_u1_2013.gif\",\"width\":243,\"height\":340},{\"@type\":\"BreadcrumbList\",\"@id\":\"https:\/\/studiosony.at\/index.php\/alles-aus-einer-hand\/#breadcrumb\",\"itemListElement\":[{\"@type\":\"ListItem\",\"position\":1,\"name\":\"Startseite\",\"item\":\"https:\/\/studiosony.at\/\"},{\"@type\":\"ListItem\",\"position\":2,\"name\":\"UNSERE KUNDEN\"}]},{\"@type\":\"WebSite\",\"@id\":\"https:\/\/studiosony.at\/#website\",\"url\":\"https:\/\/studiosony.at\/\",\"name\":\"Studiosony\",\"description\":\"\",\"publisher\":{\"@id\":\"https:\/\/studiosony.at\/#organization\"},\"potentialAction\":[{\"@type\":\"SearchAction\",\"target\":{\"@type\":\"EntryPoint\",\"urlTemplate\":\"https:\/\/studiosony.at\/?s={search_term_string}\"},\"query-input\":{\"@type\":\"PropertyValueSpecification\",\"valueRequired\":true,\"valueName\":\"search_term_string\"}}],\"inLanguage\":\"de\"},{\"@type\":\"Organization\",\"@id\":\"https:\/\/studiosony.at\/#organization\",\"name\":\"Studiosony\",\"url\":\"https:\/\/studiosony.at\/\",\"logo\":{\"@type\":\"ImageObject\",\"inLanguage\":\"de\",\"@id\":\"https:\/\/studiosony.at\/#\/schema\/logo\/image\/\",\"url\":\"https:\/\/studiosony.at\/wp-content\/uploads\/2023\/09\/cropped-Logo-fuer-HP_wb-Unicode-Codierungskonflikt.jpg\",\"contentUrl\":\"https:\/\/studiosony.at\/wp-content\/uploads\/2023\/09\/cropped-Logo-fuer-HP_wb-Unicode-Codierungskonflikt.jpg\",\"width\":1500,\"height\":458,\"caption\":\"Studiosony\"},\"image\":{\"@id\":\"https:\/\/studiosony.at\/#\/schema\/logo\/image\/\"}}]}<\/script>\n<!-- \/ Yoast SEO plugin. -->","yoast_head_json":{"title":"UNSERE KUNDEN - Studiosony","robots":{"index":"index","follow":"follow","max-snippet":"max-snippet:-1","max-image-preview":"max-image-preview:large","max-video-preview":"max-video-preview:-1"},"canonical":"https:\/\/studiosony.at\/index.php\/alles-aus-einer-hand\/","og_locale":"de_DE","og_type":"article","og_title":"UNSERE KUNDEN - Studiosony","og_description":"Alles aus einer Hand Von der Idee bis zur fertigen Gestaltung Vielen Dank f\u00fcr Ihr Interesse an unseren werblichen Dienstleistungen! Wir freuen uns darauf, Ihre Bed\u00fcrfnisse vom Konzept bis zur fertigen Gestaltung in Wort, Bild und Ton zu realisieren. Zeitungen, Flugbl\u00e4tter, Postwurfsendungen und Prospekte geh\u00f6ren zu unseren Spezialgebieten. Mit unserem Fachwissen und Engagement werden wir...","og_url":"https:\/\/studiosony.at\/index.php\/alles-aus-einer-hand\/","og_site_name":"Studiosony","article_modified_time":"2023-09-13T11:21:58+00:00","og_image":[{"url":"https:\/\/studiosony.at\/wp-content\/uploads\/2023\/09\/automagic_u1_2013.gif"}],"twitter_card":"summary_large_image","twitter_misc":{"Gesch\u00e4tzte Lesezeit":"5\u00a0Minuten"},"schema":{"@context":"https:\/\/schema.org","@graph":[{"@type":"WebPage","@id":"https:\/\/studiosony.at\/index.php\/alles-aus-einer-hand\/","url":"https:\/\/studiosony.at\/index.php\/alles-aus-einer-hand\/","name":"UNSERE KUNDEN - Studiosony","isPartOf":{"@id":"https:\/\/studiosony.at\/#website"},"primaryImageOfPage":{"@id":"https:\/\/studiosony.at\/index.php\/alles-aus-einer-hand\/#primaryimage"},"image":{"@id":"https:\/\/studiosony.at\/index.php\/alles-aus-einer-hand\/#primaryimage"},"thumbnailUrl":"https:\/\/studiosony.at\/wp-content\/uploads\/2023\/09\/automagic_u1_2013.gif","datePublished":"2023-09-06T18:58:26+00:00","dateModified":"2023-09-13T11:21:58+00:00","breadcrumb":{"@id":"https:\/\/studiosony.at\/index.php\/alles-aus-einer-hand\/#breadcrumb"},"inLanguage":"de","potentialAction":[{"@type":"ReadAction","target":["https:\/\/studiosony.at\/index.php\/alles-aus-einer-hand\/"]}]},{"@type":"ImageObject","inLanguage":"de","@id":"https:\/\/studiosony.at\/index.php\/alles-aus-einer-hand\/#primaryimage","url":"https:\/\/studiosony.at\/wp-content\/uploads\/2023\/09\/automagic_u1_2013.gif","contentUrl":"https:\/\/studiosony.at\/wp-content\/uploads\/2023\/09\/automagic_u1_2013.gif","width":243,"height":340},{"@type":"BreadcrumbList","@id":"https:\/\/studiosony.at\/index.php\/alles-aus-einer-hand\/#breadcrumb","itemListElement":[{"@type":"ListItem","position":1,"name":"Startseite","item":"https:\/\/studiosony.at\/"},{"@type":"ListItem","position":2,"name":"UNSERE KUNDEN"}]},{"@type":"WebSite","@id":"https:\/\/studiosony.at\/#website","url":"https:\/\/studiosony.at\/","name":"Studiosony","description":"","publisher":{"@id":"https:\/\/studiosony.at\/#organization"},"potentialAction":[{"@type":"SearchAction","target":{"@type":"EntryPoint","urlTemplate":"https:\/\/studiosony.at\/?s={search_term_string}"},"query-input":{"@type":"PropertyValueSpecification","valueRequired":true,"valueName":"search_term_string"}}],"inLanguage":"de"},{"@type":"Organization","@id":"https:\/\/studiosony.at\/#organization","name":"Studiosony","url":"https:\/\/studiosony.at\/","logo":{"@type":"ImageObject","inLanguage":"de","@id":"https:\/\/studiosony.at\/#\/schema\/logo\/image\/","url":"https:\/\/studiosony.at\/wp-content\/uploads\/2023\/09\/cropped-Logo-fuer-HP_wb-Unicode-Codierungskonflikt.jpg","contentUrl":"https:\/\/studiosony.at\/wp-content\/uploads\/2023\/09\/cropped-Logo-fuer-HP_wb-Unicode-Codierungskonflikt.jpg","width":1500,"height":458,"caption":"Studiosony"},"image":{"@id":"https:\/\/studiosony.at\/#\/schema\/logo\/image\/"}}]}},"jetpack_sharing_enabled":true,"_links":{"self":[{"href":"https:\/\/studiosony.at\/index.php\/wp-json\/wp\/v2\/pages\/28"}],"collection":[{"href":"https:\/\/studiosony.at\/index.php\/wp-json\/wp\/v2\/pages"}],"about":[{"href":"https:\/\/studiosony.at\/index.php\/wp-json\/wp\/v2\/types\/page"}],"author":[{"embeddable":true,"href":"https:\/\/studiosony.at\/index.php\/wp-json\/wp\/v2\/users\/1"}],"replies":[{"embeddable":true,"href":"https:\/\/studiosony.at\/index.php\/wp-json\/wp\/v2\/comments?post=28"}],"version-history":[{"count":13,"href":"https:\/\/studiosony.at\/index.php\/wp-json\/wp\/v2\/pages\/28\/revisions"}],"predecessor-version":[{"id":199,"href":"https:\/\/studiosony.at\/index.php\/wp-json\/wp\/v2\/pages\/28\/revisions\/199"}],"wp:attachment":[{"href":"https:\/\/studiosony.at\/index.php\/wp-json\/wp\/v2\/media?parent=28"}],"curies":[{"name":"wp","href":"https:\/\/api.w.org\/{rel}","templated":true}]}}